3 = -4*f. Let b = g + r. Is b a composite number?
True
Let m = -22 - -24. Suppose 0 = -5*h + m + 8. Suppose -h*y + 5*y - 981 = 0. Is y prime?
False
Suppose 6 = -3*u, 0 = 3*y + 11*u - 16*u - 24997. Is y a composite number?
False
Let v be 20/130 + (0 - 885140/(-26)). Suppose v = 8*r + 1156. Is r a prime number?
True
Let z(p) = p**3 - p**3 + 7*p - 5*p**2 - 1 + p**3. Suppose 12*x + 42 - 102 = 0. Is z(x) a composite number?
True
Suppose 7*z + 9*z - 3792 = 0. Is z a composite number?
True
Let h = 3335 + -1897. Is h a composite number?
True
Suppose 380 = 24*m - 19*m. Let x be (0 + 309/12)*m. Let o = x - 972. Is o a composite number?
True
Suppose 2*x - 3*t + 7 = 0, 5*t = -2*x + x - 10. Let n(w) = -w**2 - 6*w - 1. Let j be n(x). Suppose -j*y + 6*y = 102. Is y prime?
False
Let b(g) = 264*g + 121. Is b(17) a prime number?
False
Let d(m) = -5*m**2 + 0 + m**2 - 3 + 5*m**2. Let t be d(-5). Is (-222)/(-4)*t/3 composite?
True
Suppose 5*l + 958 = k + k, k - 479 = l. Is k/4 - 15/20 a prime number?
False
Is 1/(2 - 106491/53249) a composite number?
False
Let q be (2/3)/((-6)/(-27)). Suppose -3*c + 2343 = -q*v, -5*c = -2*c - 5*v - 2337. Is c/5 + (-2)/(-10) a prime number?
True
Let c = -10 + 12. Is c/(-6*2/(-222)) prime?
True
Let y = -330 - -1219. Is y prime?
False
Let k(v) = 3242*v - 39. Is k(1) a composite number?
False
Let m(q) = -2*q**3 - 7*q**2 + 8*q - 1. Let v(r) = -3*r**3 - 6*r**2 + 7*r - 2. Let h(j) = 5*m(j) - 6*v(j). Let u = -23 - -27. Is h(u) prime?
False
Suppose -3*m - 40 = -2*w + m, 0 = -2*w + m + 46. Suppose -32 = -3*d + 2*a + 24, -d - 2*a = -w. Suppose 0 = -3*p - b + 8 + 191, 5*b = d. Is p a composite number?
True
Suppose 3*y + 0*b - 18 = -4*b, 2*y - 12 = b. Let c = -4 + y. Suppose 0 = c*s + 3*s - 3365. Is s a composite number?
False
Let q be (-2190)/(-10)*(-2)/6. Let m = -54 - q. Is m a prime number?
True
Let c(q) = 6*q - 222. Let l be c(32). Let m(a) = 7*a + 1. Let y be m(-3). Let t = y - l. Is t a prime number?
False
Let m(l) = 10*l**2 - 2*l + 1. Let r be m(1). Let x = 454 - 449. Suppose r*q = x*q + 2732. Is q composite?
False
Let c = -9426 - -15337. Is c composite?
True
Suppose -2*s + 4*v = 12, 9 = 5*s + 6*v - 3*v. Suppose -25*b + 24*b + 5077 = s. Is b composite?
False
Let c = 3072 + -1641. Suppose -r + c = 5*y, -5*y + 578 = -3*y - r. Is y a composite number?
True
Suppose 27 = 4*j - 1. Suppose -j*f = -3*f - 14960. Suppose -4*z = -f - 448. Is z composite?
True
Let l = 13 - 0. Let m(x) = l + x - 3*x + 0 - 8*x. Is m(-10) prime?
True
Suppose 7*z = 2*z + 9545. Is z prime?
False
Suppose -2*n + 0*n = -778. Let y = n - 130. Is y prime?
False
Let m = -479 - -808. Is m a prime number?
False
Let h(d) = d**2 + d + 1. Let f be h(-5). Let u be (10/3)/(14/f). Suppose 148 = u*x - x. Is x a composite number?
False
Suppose -20*o - 39645 = -202425. Is o prime?
False
Let a(k) be the first derivative of k**4/4 - 2*k**3/3 - 3*k**2 + 7*k + 2. Suppose -4*i - 9*i + 78 = 0. Is a(i) a composite number?
True
Let i(q) = -q**3 - q**2 - 2596. Let h be i(0). Let g = -707 - h. Is g composite?
False
Let f = 144 - -35. Suppose 7*z - 11*z + 1432 = 0. Let b = z - f. Is b composite?
False
Suppose -11*b + 27165 = -2788. Is b a prime number?
False
Let c(z) = z**2 + 14*z + 13. Let g be c(-13). Suppose -5*v + 686 = 2*x, -2*v = 4*x - g*x - 1404. Is x a composite number?
False
Let a = 4456 + -2463. Is a a prime number?
True
Suppose z + 1 = 5. Suppose m + 2667 = z*m. Is m prime?
False
Let d = 4873 + 3166. Is d a composite number?
False
Let y(a) = 2*a**3 - 13*a**2 + 8*a - 12. Let n = -12 - -21. Let r be y(n). Let u = r + -278. Is u a composite number?
True
Suppose 4*q - 44 = -16. Is (272 + -1)/(-6 + q) a prime number?
True
Let g(k) = 445*k + 23. Let m be g(3). Suppose 0 = w - 3*v + 8*v - 709, -m = -2*w + 5*v. Is w a composite number?
True
Is (-3 + -16 + 0/(-2))*-71 composite?
True
Let v(k) = 7*k**2 - 12*k + 9. Let m(s) = 20*s**2 - 35*s + 26. Let f(d) = 6*m(d) - 17*v(d). Let y be f(6). Is (y - 2) + -2 - -254 a prime number?
False
Let h(f) = f**2 + 9*f + 12. Suppose 2 + 6 = -p. Let g be h(p). Suppose 895 = 4*z - 3*m - 157, -2*z + 526 = g*m. Is z a composite number?
False
Let s(o) = 183*o + 269. Is s(8) a composite number?
False
Let m(v) = -v. Let k(h) = 54*h**2 - h - 3. Let d(w) = k(w) - 3*m(w). Is d(2) a prime number?
False
Let p(g) = 7*g**3 + g**2 - 6*g + 7. Let n = -32 + 35. Is p(n) a prime number?
False
Suppose 130 - 295 = 11*r. Let f(g) be the second derivative of g**4/6 + 11*g**3/6 + 8*g**2 - g. Is f(r) composite?
True
Let b(i) = -46*i**2 + 11*i - 16. Let a(x) = 46*x**2 - 10*x + 15. Let q(o) = 6*a(o) + 5*b(o). Is q(3) a composite number?
False
Let r = 190 - 12. Suppose -z + 3*q + 60 = -r, z + 5*q = 198. Is z a prime number?
True
Is (6/(-5))/((-196)/4697630) prime?
False
Let j(k) = 161*k**2 + 10*k - 12. Let u be j(-5). Let v = u + -2098. Is v composite?
True
Suppose 7*f - 11*f = -8692. Is f prime?
False
Let j(t) = 516*t**3 - 3*t**2 + 6*t - 4. Is j(1) composite?
True
Let z be (3/15)/(4/20)*0. Suppose 2*h + 3*h - 4*g = 1650, g + 5 = z. Is h a composite number?
True
Let s(p) = -p**2 - 2*p. Let c be s(-2). Let v be c/(3/((-3)/(-2))). Suppose -y + 10 + 4 = v. Is y prime?
False
Let h = 81 + -78. Suppose h*f + 0*t - 1799 = 2*t, 5*f + 2*t = 2977. Is f prime?
False
Let j = -11314 - -20297. Is j a composite number?
True
Let z(y) = -y**3 - 9*y**2 - y - 19. Let s be z(-10). Suppose -5*k + 84 = -s. Is k prime?
False
Let b(m) = 76*m**2 - 76*m + 59. Is b(14) composite?
True
Let x(j) = 28*j**3 - 2*j**2 + 2*j + 5. Suppose 2*v + 3 = -2*v + 5*y, v + 12 = 5*y. Is x(v) composite?
True
Suppose 9*s - 5*g = 6*s + 1996, -3*g = 3*s - 2004. Is s composite?
True
Let i(f) = 4*f**2 + 3*f + 2. Let n be i(-1). Is (1 - (n + -448))/(2 + 0) composite?
False
Suppose 24*i - 51*i = -210303. Is i composite?
False
Let c(i) be the third derivative of i**6/360 + 251*i**4/24 + i**3/6 + 3*i**2. Let z(u) be the first derivative of c(u). Is z(0) composite?
False
Suppose 46353 = 3*u - 2*n - 40744, 5*n = 4*u - 116127. Is u prime?
True
Is (2722/10)/(10 + 7137/(-715)) a prime number?
False
Let c(u) = 144*u**2 - u - u**3 - 148*u**2 - 3*u. Let j be 0/(-2) - (2 + 1). Is c(j) a composite number?
False
Let y(v) = -2343*v + 15. Let u be y(-3). Suppose 0 = n + 3*n - 4*t - 7068, 4*n - u = -2*t. Is n composite?
True
Suppose -2*x + 6976 = -2*d, 4*d + 3051 + 428 = x. Is x a composite number?
False
Suppose 12*w - 38911 = 205517. Is w a composite number?
False
Let i = -5 + 11. Let z = i + -6. Suppose k = -z*k + 23. Is k prime?
True
Let z(t) = t**3 + 5*t**2 + 4*t - 2. Let j be z(-4). Let b(g) be the first derivative of -2*g**4 - g**2/2 + g + 1. Is b(j) a composite number?
False
Suppose -l = -2*z - 4, -5*z - 8 + 1 = -4*l. Is 1090 + (4 - 3)*z a composite number?
False
Suppose -2*h = -5*c + 207, 5*c - 2*h - 2*h - 199 = 0. Let d(v) = -69*v - 3. Let p be d(-2). Suppose c = -4*a + p. Is a a prime number?
True
Let f be 44/3 - (-5)/15. Let w be (114/10)/(1/f). Suppose 3*v - 3*i = w, -4 = -i - 3. Is v a composite number?
True
Let u(g) = -g**3 + 53*g**2 - 70*g + 21. Is u(23) a prime number?
True
Is -1*4*(-197056)/256 prime?
True
Let v(d) = d + 5. Suppose 2*f = 7*f + 25. Let i be v(f). Suppose 0 = -10*y + 5*y - 2*p + 937, -p + 1 = i. Is y a prime number?
False
Let t = 8 - 12. Let f be (5/(-6))/(t/24). Suppose g - 2768 = -f*o, 3*o = 5*o + 5*g - 1121. Is o a composite number?
True
Suppose -5*j - 1 = -2*g + 2, j = -2*g + 9. Suppose -g*b - 54 = -b. Let s = 89 + b. Is s a prime number?
True
Let g(w) = -214*w**3 - 2*w**2 + 1. Let n(m) = -m + 3. Let u be n(4). Is g(u) composite?
True
Suppose -11*j = -29421 - 59228. Is j a composite number?
False
Suppose -s + 2 + 0 = 0, 4*c - 2*s = -4. Suppose c*z - 419 = -z. Is z a prime number?
True
Let v(z) = 1197*z + 143. Is v(14) a prime number?
True
Let c be (-4 + 7)*1018/(-6). Let k = 752 - c. Is k composite?
True
Suppose 36*o - 16 = 34*o. Let i(m) = 141*m - 19. Is i(o) a prime number?
True
Let r(x) = -423*x**2 + 4*x. Let a(s) = 424*s**2 - 5*s. Let q(c) = -5*a(c) - 6*r(c). Is q(1) prime?
True
Let f(z) = -z**2 - 23*z + 9. Let c be f(-7). Let w(o) = -o**3 - 5*o**2 + 7*o - 4. Let l be w(-6). Let j = l + c. Is j prime?
False
Let c(j) = j**2 - 2*j - 5. Let t be c(4). Suppose -13176 = 7*a - t*a. Is a/(-10) + 18/(-45) prime?
False
S